= t**2 - 3*t + 6. Let y(p) = -8 - 26 + 9 - 5*p**2 + 12*p. Let i(h) = -9*a(h) - 2*y(h). Is 14 a factor of i(-6)?
True
Suppose 2*a = -l - 0*a + 14, -5*a = -2*l + 55. Does 20 divide l?
True
Suppose -5*r + 4*a - 7*a + 1005 = 0, 3*r - 5*a - 569 = 0. Is 6 a factor of r?
True
Suppose 4*z = -4*y + 8, 2*y + 4 + 0 = 2*z. Suppose -3*w - z*w = -440. Suppose 5*h = -d + 32, 5*d + 2*h + 20 = w. Is d a multiple of 6?
True
Let a = -9 - -13. Is 2 a factor of a?
True
Let k be -2*(0 + (-22)/(-4)). Let g be 45/(-6) + 1/2. Let x = g - k. Does 4 divide x?
True
Suppose -4*a + 318 = 2*i, 0*i - 468 = -3*i - 3*a. Is 16 a factor of i?
False
Let l be 1*9*3/(-3). Let y be ((-15)/l + -2)*-12. Is 14 a factor of (37/2)/(2/y)?
False
Let a(f) = -2*f**3 - 7*f**2 + 8*f - 4. Is a(-6) a multiple of 24?
False
Let t(c) = 5*c**2 + c + 1. Suppose 4*l = 3*i - 4, 6 = -5*l - i + 1. Let q be t(l). Suppose 3*h + 2 = 2*k, 2*h + 8 = q*k - 19. Does 3 divide k?
False
Let g = -21 + 22. Let f = 79 - g. Is 26 a factor of f?
True
Suppose g - 4*g + 313 = y, 4*g - 5*y = 430. Suppose 89 = 4*r - 51. Suppose 5*n + r = g. Does 14 divide n?
True
Let w = -5 + -16. Let j = -9 - w. Is j a multiple of 9?
False
Suppose -6 = -3*r + 3. Suppose -65 = -4*j - 4*y + 59, -y = r. Does 17 divide j?
True
Let y(d) be the first derivative of 1/3*d**3 + 4*d**2 + 12*d + 4. Is 4 a factor of y(-8)?
True
Let w be -3 - 59*4/(-2). Let z = -78 + w. Is 21 a factor of z?
False
Let q(n) = 10*n**2 - 6*n - 4. Let u be q(-6). Suppose -4*k = -11*k + u. Is 14 a factor of k?
True
Let w(m) be the second derivative of m**5/20 - m**4/4 - m**3/2 + m**2 + 2*m. Let z be w(4). Does 2 divide 42/(-9)*z/(-4)?
False
Let o(a) = -a**3 + 2*a + 12. Is 6 a factor of o(0)?
True
Let p(b) = -b**2 - 13*b + 28. Is p(-8) a multiple of 17?
True
Suppose 3*d = 4*b + 8, -12*d + 10*d + 3*b + 4 = 0. Is d a multiple of 6?
False
Let i(t) = 5*t. Let b be (4 - 2) + 3 - 2. Does 15 divide i(b)?
True
Let n(v) = 0 + 2 - v**2 - v + 1 + 7*v. Let z = 7 + -4. Is 6 a factor of n(z)?
True
Let a = 161 + -88. Is 19 a factor of a?
False
Does 36 divide 10*(696/20 + 5)?
False
Suppose 117 = 5*c - 53. Does 17 divide (-2 - 1)/((-2)/c)?
True
Suppose 2*n + 40 = 7*n. Is 19 a factor of 149/n - 18/(-48)?
True
Let a(r) = r**2 + r + 10. Let w be a(-8). Suppose 5*c = -26 + w. Is c a multiple of 4?
True
Suppose 2*l - 80 = -3*l. Is l a multiple of 4?
True
Suppose 0 = 2*p + 5 - 1. Is 15 a factor of ((-5)/(-4))/(p/(-24))?
True
Let t(u) = -13*u**3 - 3*u**2 + u + 1. Does 11 divide t(-2)?
False
Let p = -6 + 8. Suppose -2*v - v + 3*u = 0, -p*u + 4 = -v. Is 5/((-30)/v)*-3 even?
True
Suppose -6*s + s + c - 579 = 0, 3*c + 119 = -s. Suppose -5*x + 0*q + 4*q = 392, -q - 377 = 5*x. Let u = x - s. Does 20 divide u?
True
Suppose -9*l + 1691 + 379 = 0. Is l a multiple of 51?
False
Suppose -26 + 74 = 3*q. Let m = q + -2. Is 7 a factor of m?
True
Let t(a) = a**3 + 23*a**2 + 19*a + 29. Does 18 divide t(-22)?
False
Let h be -2*6/(-4) + 140. Is (-2)/(-8) + h/4 a multiple of 12?
True
Suppose -2*j + 82 + 78 = -4*q, 4*q + 232 = 3*j. Does 24 divide j?
True
Let g(y) = 7*y**2 - 2*y - 6. Is g(-4) a multiple of 26?
False
Let l(i) = i**2 - 4*i + 3. Let d be l(2). Let r = d - -3. Suppose z + 16 = r*z + 4*b, -4*z = 2*b - 50. Does 12 divide z?
True
Let o(z) = z. Let g be o(2). Let r = g - 0. Suppose r*l - 48 = -4*q, 4*q + 3*l - 28 = 16. Does 14 divide q?
True
Suppose 0 = -4*s + 1 + 7. Suppose -s*f + 62 = -0*y + 4*y, -y + 5*f = -10. Is 7 a factor of y?
False
Let x(n) = -n + 1. Let j be x(3). Let f be 4 - (-2)/j*-1. Suppose f = 2*z - 25. Is 4 a factor of z?
False
Is 14 a factor of (7/2)/((-39)/42 + 1)?
False
Suppose -170 = 5*i - 10*i. Is 34 a factor of i?
True
Let a(q) be the third derivative of -q**4/12 - 3*q**3/2 + q**2. Let o be a(-7). Suppose 0 = -o*m + w + 47, -4*w + 13 - 1 = 0. Is 5 a factor of m?
True
Is 3 + 1 + (-112)/(-2) a multiple of 15?
True
Is (-14)/(-18) - 1 - 1480/(-18) a multiple of 23?
False
Let f(k) = 2*k**2 - 12*k - 8. Is f(10) a multiple of 18?
True
Let z(w) = -w**2 - w + 1. Let u(g) be the third derivative of g**5/15 - 11*g**3/6 - 2*g**2. Let f(v) = -u(v) - 5*z(v). Does 3 divide f(-5)?
True
Let s = 1 - 1. Suppose -2*k = -2*u + 2*k + 8, 5*u + 2*k + 4 = s. Is (41 - 3) + (u - -1) a multiple of 13?
True
Let t(m) = -m + 4. Let f be (-1)/(-6) + 2/(-12). Is t(f) a multiple of 2?
True
Let y(q) = 9*q**2 - 7*q + 4. Is 40 a factor of y(4)?
True
Suppose 4*d - 7 = 13. Suppose -36 = -4*r + 4*a, -a + d*a + 23 = 3*r. Is r a multiple of 13?
True
Suppose -3*f + 4*f = -5. Suppose 0*d = -3*d - 15. Is d*(-3)/f*-1 a multiple of 2?
False
Suppose -c = -2, 4*p + c - 38 = -16. Suppose 5*d + 30 + p = 0. Let x(a) = a**3 + 8*a**2 + 5*a. Is x(d) a multiple of 13?
False
Suppose -5*g + 480 = 5*k, 3*g - 185 = -2*k + 10. Suppose k = -7*n + 408. Is n a multiple of 15?
True
Let f(d) = d**3 + 7*d**2 - 5*d - 19. Does 8 divide f(-5)?
True
Let g(f) = -f**3 - 27*f**2 + 23*f - 20. Does 15 divide g(-28)?
True
Let d = 5 + 0. Let r = -3 + d. Suppose -6*s + 2*s = 3*v - 52, -62 = -4*v + r*s. Is v a multiple of 6?
False
Suppose 0 = p - f - 390 + 127, 4*f = 5*p - 1317. Is p a multiple of 35?
False
Let g be ((-6)/(-5))/((-6)/(-30)). Suppose g*p - 160 = p. Is 14 a factor of p?
False
Is 2/8 - 1750/(-8) a multiple of 10?
False
Suppose 63 = -5*j + 5*c - 27, -15 = 5*c. Let v = j + 43. Is v a multiple of 11?
True
Is 6 a factor of ((-12)/(-3) - 3)*88?
False
Suppose -5*k = -5*p - 270, p - 2*p - 266 = -5*k. Does 11 divide k?
False
Suppose -6 = -2*w + 2. Let b be ((-28)/w)/(-2 - -3). Let y = b + 9. Is y a multiple of 2?
True
Let u(c) = -c - 3. Let v be u(-5). Suppose t - v = 43. Is 15 a factor of t?
True
Let p = 84 + -166. Let o = -59 - p. Does 22 divide o?
False
Suppose 0 = 3*g + 5*j - 17, -2*g + 3 = -3*j - 2. Let a(h) = h + 2. Let d be a(6). Suppose 2*q - g*v + 5 = 35, 4*v = d. Is 14 a factor of q?
False
Is 13 a factor of (-6)/(-2)*(-65)/(-15)?
True
Suppose 3*o + 3 = 15. Suppose -5*t + 56 = o*n, -5*n + 2*t + 35 = -2. Is 4 a factor of n?
False
Suppose 4*d + 9 = 5*d + 5*n, -5*n = -5*d - 45. Let z be (4/d)/(1/(-18)). Is 164/z - 1/(-3) a multiple of 13?
False
Suppose -2*w = -2*i + 684, -w = 3*w - 12. Does 36 divide i?
False
Suppose c - 18 = -3*k, -6*c = -c - k - 10. Suppose -c*h + 190 = 4*r, r + 0*h - 44 = h. Is 14 a factor of r?
False
Let f = -7 + 28. Let g = 39 - f. Does 9 divide g?
True
Let s(t) be the third derivative of t**5/20 - 5*t**4/24 - 5*t**3/3 - 6*t**2. Is s(-3) a multiple of 16?
True
Does 30 divide 75 + -79 - (0 - (199 + 1))?
False
Let u(r) = -r**3 + r - 2. Let p be u(-2). Suppose 0 = -3*d + 2*d + s + 16, p*s + 16 = d. Suppose -149 + d = -2*z + 3*y, -3*z + 192 = 3*y. Is 24 a factor of z?
False
Let a(u) = 6*u - 34. Is a(7) a multiple of 3?
False
Let b be (-1)/(1/(-17)) - 3. Does 16 divide b - ((3 - 1) + -5)?
False
Let q(i) be the first derivative of i**2/2 + 13*i + 3. Is q(0) a multiple of 5?
False
Suppose -6*u = -g - 3*u + 13, 0 = 2*g + 2*u + 14. Let q be 2/g - (3 - 4). Suppose -3*d + 4*d - 30 = q. Is d a multiple of 15?
True
Let c = 769 - 537. Does 29 divide c?
True
Let h = 39 + -61. Let y = h - -75. Let k = 75 - y. Is k a multiple of 11?
True
Suppose 0 = 4*y - 5*y - 4. Let g(n) = n**2 + 6*n + 6. Let i be g(y). Let h = i + 4. Is h a multiple of 2?
True
Let x(w) = -w**2 - 4*w + 1. Let p be x(-2). Let z be p*((-408)/15)/4. Let l = 48 + z. Is 5 a factor of l?
False
Suppose 0 = 13*d + 656 - 3035. Is d a multiple of 30?
False
Suppose 0*u = -u + 62. Is 20 a factor of u?
False
Is 4 - 1 - (-27)/9 a multiple of 4?
False
Let o(a) = 5*a**3 + 21*a**2 - 12*a. Let c(r) = -2*r**3 - 7*r**2 + 4*r. Let k be 16/6 - 2/(-6). Let u(w) = k*o(w) + 8*c(w). Is 12 a factor of u(6)?
True
Let r = -21 + 24. Suppose r*w - 4*w = -3. Is 3 a factor of w?
True
Let n(m) = 11*m**2 - 4*m - 3. Let i(v) = 23*v**2 - 7*v - 5. Let p(r) = 3*i(r) - 5*n(r). Is 5 a factor of p(-1)?
True
Let p(h) = -22*h - 7. Let u(n) = n**3 + 6*n**2 + 2*n + 7. Let i be u(-6). Is p(i) a multiple of 30?
False
Suppose 4*o = -2*i + 214, -3*i - 113 = -2*o + 2*i. Is o a multiple of 9?
True
Suppose -2*a + 38 = v, 2*a - 245 = -4*v - 75. Let p = v - 21. Does 23 divide p?
True
Let g = -3 - -1. Let l be (-2 - g)*(-2)/(-4). Is 4 a factor of 36/4 + l/2?
False
Let u = -6 + 1. Let n(y) = -8*y + 4. Is n(u) a multiple of 17?
False
